{"id":11,"date":"2026-01-06T09:24:59","date_gmt":"2026-01-06T09:24:59","guid":{"rendered":"https:\/\/nias.aranyoldalak.hu\/?page_id=11"},"modified":"2026-01-06T09:25:56","modified_gmt":"2026-01-06T09:25:56","slug":"elallas_visszakuldes","status":"publish","type":"page","link":"https:\/\/nias.aranyoldalak.hu\/index.php\/elallas_visszakuldes\/","title":{"rendered":"\u00c1ltal\u00e1nos Szerz\u0151d\u00e9si Felt\u00e9telek"},"content":{"rendered":"\n<h2 class=\"wp-block-heading\">1. \u00dcZEMELTET\u0150I ADATOK<\/h2>\n\n\n\n<ul class=\"wp-block-list\">\n<li><strong>A szolg\u00e1ltat\u00f3 neve:<\/strong> <strong> <\/strong>NIAS Ipari \u00e9s Kereskedelmi Bet\u00e9ti T\u00e1rsas\u00e1g<\/li>\n\n\n\n<li><strong>Sz\u00e9khelye:<\/strong> 5600 B\u00e9k\u00e9scsaba Kossuth Lajos utca 17.<\/li>\n\n\n\n<li><strong>Ad\u00f3sz\u00e1ma:<\/strong> [20823999204]<\/li>\n\n\n\n<li><strong>C\u00e9gjegyz\u00e9ksz\u00e1ma \/ Nyilv\u00e1ntart\u00e1si sz\u00e1ma:<\/strong> [04 06 001853]<\/li>\n\n\n\n<li><strong>Szerz\u0151d\u00e9s nyelve:<\/strong> Magyar<\/li>\n\n\n\n<li><strong>E-mail c\u00edm:<\/strong> jantyiktamas@citrommail.hu<\/li>\n\n\n\n<li><strong>Telefonsz\u00e1m:<\/strong> +36\u00a066 431228<\/li>\n\n\n\n<li><strong>T\u00e1rhelyszolg\u00e1ltat\u00f3 adatai:<\/strong> MTT MEDIA Kft.Sz\u00e9khely: 2040 Buda\u00f6rs Baross utca 165.<\/li>\n<\/ul>\n\n\n\n<h2 class=\"wp-block-heading\">2. MEGV\u00c1S\u00c1ROLHAT\u00d3 TERM\u00c9KEK, \u00c1RAK<\/h2>\n\n\n\n<ul class=\"wp-block-list\">\n<li>A web\u00e1ruh\u00e1zban megjelen\u00edtett term\u00e9kek online rendelhet\u0151k meg.<\/li>\n\n\n\n<li>A felt\u00fcntetett \u00e1rak brutt\u00f3 \u00e1rak, az \u00c1F\u00c1-t tartalmazz\u00e1k.<\/li>\n\n\n\n<li>A term\u00e9kek \u00e1ra nem tartalmazza a sz\u00e1ll\u00edt\u00e1si k\u00f6lts\u00e9get, kiv\u00e9ve, ha ez k\u00fcl\u00f6n jelz\u00e9sre ker\u00fcl.<\/li>\n<\/ul>\n\n\n\n<h2 class=\"wp-block-heading\">3. RENDEL\u00c9S MENETE<\/h2>\n\n\n\n<ol start=\"1\" class=\"wp-block-list\">\n<li>A term\u00e9k kos\u00e1rba helyez\u00e9se.<\/li>\n\n\n\n<li>A kos\u00e1r tartalm\u00e1nak ellen\u0151rz\u00e9se.<\/li>\n\n\n\n<li>V\u00e1s\u00e1rl\u00f3i adatok megad\u00e1sa (sz\u00e1ml\u00e1z\u00e1si \u00e9s sz\u00e1ll\u00edt\u00e1si c\u00edm).<\/li>\n\n\n\n<li>Fizet\u00e9si \u00e9s sz\u00e1ll\u00edt\u00e1si m\u00f3d kiv\u00e1laszt\u00e1sa.<\/li>\n\n\n\n<li>Az adatok ellen\u0151rz\u00e9se, majd a \u201eMegrendel\u00e9s\u201d gombra kattint\u00e1s (fizet\u00e9si k\u00f6telezetts\u00e9ggel j\u00e1r).<\/li>\n\n\n\n<li>A Szolg\u00e1ltat\u00f3 k\u00f6teles 48 \u00f3r\u00e1n bel\u00fcl visszaigazolni a rendel\u00e9st e-mailben. Ha ez nem t\u00f6rt\u00e9nik meg, a v\u00e1s\u00e1rl\u00f3 mentes\u00fcl az aj\u00e1nlati k\u00f6t\u00f6tts\u00e9g al\u00f3l.<\/li>\n<\/ol>\n\n\n\n<h2 class=\"wp-block-heading\">4. FIZET\u00c9SI \u00c9S SZ\u00c1LL\u00cdT\u00c1SI M\u00d3DOK<\/h2>\n\n\n\n<ul class=\"wp-block-list\">\n<li><strong>Fizet\u00e9s:<\/strong> Ut\u00e1nv\u00e9tel<\/li>\n\n\n\n<li><strong>Sz\u00e1ll\u00edt\u00e1s:<\/strong> MPL  A sz\u00e1ll\u00edt\u00e1si hat\u00e1rid\u0151 \u00e1ltal\u00e1ban: 2-4 munkanap.<\/li>\n<\/ul>\n\n\n\n<h2 class=\"wp-block-heading\">5. EL\u00c1LL\u00c1SI JOG <\/h2>\n\n\n\n<ul class=\"wp-block-list\">\n<li>A v\u00e1s\u00e1rl\u00f3t (amennyiben term\u00e9szetes szem\u00e9ly) <strong>14 napon bel\u00fcl<\/strong> indokol\u00e1s n\u00e9lk\u00fcli el\u00e1ll\u00e1si jog illeti meg.<\/li>\n\n\n\n<li>Az el\u00e1ll\u00e1si hat\u00e1rid\u0151 a term\u00e9k \u00e1tv\u00e9tel\u00e9t\u0151l sz\u00e1m\u00edt.<\/li>\n\n\n\n<li>Az el\u00e1ll\u00e1si sz\u00e1nd\u00e9kot \u00edr\u00e1sban kell jelezni a fenti e-mail c\u00edmen.<\/li>\n\n\n\n<li>A term\u00e9k visszak\u00fcld\u00e9s\u00e9nek k\u00f6lts\u00e9ge a <strong>v\u00e1s\u00e1rl\u00f3t terheli<\/strong>.<\/li>\n\n\n\n<li>A Szolg\u00e1ltat\u00f3 a term\u00e9k vissza\u00e9rkez\u00e9s\u00e9t k\u00f6vet\u0151 14 napon bel\u00fcl visszat\u00e9r\u00edti a teljes v\u00e9tel\u00e1rat.<\/li>\n\n\n\n<li>Az olyan z\u00e1rt csomagol\u00e1s\u00fa term\u00e9kekn\u00e9l, amelyek <strong>eg\u00e9szs\u00e9gv\u00e9delmi vagy higi\u00e9niai okokb\u00f3l az \u00e1tad\u00e1st k\u00f6vet\u0151 felbont\u00e1sa ut\u00e1n nem k\u00fcldhet\u0151k vissza<\/strong>, megsz\u0171nik az el\u00e1ll\u00e1si jog a felbont\u00e1s ut\u00e1n.<\/li>\n<\/ul>\n\n\n\n<h2 class=\"wp-block-heading\">6. PANASZKEZEL\u00c9S \u00c9S JOGORVOSLAT<\/h2>\n\n\n\n<p>B\u00e9k\u00e9ltet\u0151 Test\u00fclet neve:<\/p>\n\n\n\n<figure class=\"wp-block-table\"><table class=\"has-fixed-layout\"><tbody><tr><td><strong>B\u00e9k\u00e9ltet\u0151 test\u00fclet neve<\/strong><\/td><td><strong>B\u00e9k\u00e9ltet\u0151 test\u00fclet sz\u00e9khelye, c\u00edme:<\/strong><\/td><td><strong>Illet\u00e9kess\u00e9gi ter\u00fclet<\/strong><\/td><\/tr><tr><td><strong>Budapesti B\u00e9k\u00e9ltet\u0151 Test\u00fclet<\/strong><\/td><td><strong>Budapest<\/strong><br>Budapesti B\u00e9k\u00e9ltet\u0151 Test\u00fclet<br>C\u00edme: 1016 Budapest, Krisztina krt. 99.Telefonsz\u00e1ma: (1) 488-2131<br>Fax sz\u00e1ma: (1) 488-2186<br>Eln\u00f6k: Dr. Inzelt \u00c9va VeronikaHonlap c\u00edm:&nbsp;<a href=\"https:\/\/bekeltet.bkik.hu\/\">https:\/\/bekeltet.bkik.hu\/<\/a><br>E-mail c\u00edm: bekelteto.testulet@bkik.hu<\/td><td><strong>Budapest<\/strong><\/td><\/tr><tr><td rowspan=\"3\"><strong>Baranya V\u00e1rmegyei B\u00e9k\u00e9ltet\u0151 Test\u00fclet<\/strong><\/td><td rowspan=\"3\"><strong>P\u00e9cs<\/strong><br>Baranya V\u00e1rmegyei B\u00e9k\u00e9ltet\u0151 Test\u00fclet<br>C\u00edme: 7625 P\u00e9cs, Majorossy Imre u. 36.<br>Telefonsz\u00e1ma: (72) 507-154; (20) 283-3422<br>Fax sz\u00e1ma: (72) 507-152<br>Eln\u00f6k: Dr. B\u00e9rcesi Ferenc<br>Honlap c\u00edm:&nbsp;<a href=\"http:\/\/www.baranyabekeltetes.hu\/\">www.baranyabekeltetes.hu<\/a>E-mail c\u00edm: info@baranyabekeltetes.hu<br>kerelem@baranyabekeltetes.hu<\/td><td><strong>Baranya v\u00e1rmegye,<\/strong><\/td><\/tr><tr><td><strong>Somogy v\u00e1rmegye,<\/strong><\/td><\/tr><tr><td><strong>Tolna v\u00e1rmegye<\/strong><\/td><\/tr><tr><td rowspan=\"3\"><strong>Borsod-Aba\u00faj-Zempl\u00e9n<br>V\u00e1rmegyei B\u00e9k\u00e9ltet\u0151 Test\u00fclet<\/strong><\/td><td rowspan=\"3\"><strong>Miskolc<\/strong><br>Borsod-Aba\u00faj-Zempl\u00e9n V\u00e1rmegyei B\u00e9k\u00e9ltet\u0151 Test\u00fclet<br>C\u00edme: 3525 Miskolc, Szentp\u00e1li u. 1.<br>Telefonsz\u00e1ma: (46) 501-091 (\u00faj \u00fcgyek);<br>501-871 (folyamatban l\u00e9v\u0151 \u00fcgyek)<br>Eln\u00f6k: Dr. Tulip\u00e1n P\u00e9ter<br>Honlap c\u00edm:&nbsp;<a href=\"http:\/\/www.bekeltetes.borsodmegye.hu\/\">www.bekeltetes.borsodmegye.hu<\/a>&nbsp;E-mail c\u00edm: bekeltetes@bokik.hu<\/td><td><strong>Borsod-Aba\u00faj-Zempl\u00e9n v\u00e1rmegye,<\/strong><\/td><\/tr><tr><td><strong>Heves v\u00e1rmegye,<\/strong><\/td><\/tr><tr><td><strong>N\u00f3gr\u00e1d v\u00e1rmegye<\/strong><\/td><\/tr><tr><td rowspan=\"3\"><strong>Csongr\u00e1d-Csan\u00e1d V\u00e1rmegyei<br>B\u00e9k\u00e9ltet\u0151 Test\u00fclet<\/strong><\/td><td rowspan=\"3\"><strong>Szeged<\/strong><br>Csongr\u00e1d-Csan\u00e1d V\u00e1rmegyei B\u00e9k\u00e9ltet\u0151 Test\u00fclet<br>C\u00edme: 6721 Szeged, P\u00e1rizsi krt. 8-12.<br>Telefonsz\u00e1ma: (62) 554-250\/118 mell\u00e9k<br>Fax sz\u00e1ma: (62) 426-149<br>Eln\u00f6k: Dr. Horv\u00e1th K\u00e1roly<br>Honlap c\u00edm:&nbsp;<a href=\"http:\/\/www.bekeltetes-csongrad.hu\/\">www.bekeltetes-csongrad.hu<\/a>E-mail c\u00edm: bekelteto.testulet@csmkik.hu<\/td><td><strong>B\u00e9k\u00e9s v\u00e1rmegye,<\/strong><\/td><\/tr><tr><td><strong>B\u00e1cs-Kiskun v\u00e1rmegye,<\/strong><\/td><\/tr><tr><td><strong>Csongr\u00e1d-Csan\u00e1d v\u00e1rmegye<\/strong><\/td><\/tr><tr><td rowspan=\"3\"><strong>Fej\u00e9r V\u00e1rmegyei B\u00e9k\u00e9ltet\u0151 Test\u00fclet<\/strong><\/td><td rowspan=\"3\"><strong>Sz\u00e9kesfeh\u00e9rv\u00e1r<\/strong><br>Fej\u00e9r V\u00e1rmegyei B\u00e9k\u00e9ltet\u0151 Test\u00fclet<br>C\u00edme: 8000 Sz\u00e9kesfeh\u00e9rv\u00e1r, Hossz\u00fas\u00e9ta t\u00e9r 4-6.<br>Telefonsz\u00e1ma: (22) 510-310<br>Fax sz\u00e1ma: (22) 510-312<br>Eln\u00f6k: Dr. V\u00e1ri Kov\u00e1cs J\u00f3zsef<br>Honlap c\u00edm:&nbsp;<a href=\"http:\/\/www.bekeltetesfejer.hu\/\">www.bekeltetesfejer.hu<\/a>E-mail c\u00edm: bekeltetes@fmkik.hu; fmkik@fmkik.hu<\/td><td><strong>Fej\u00e9r v\u00e1rmegye,<\/strong><\/td><\/tr><tr><td><strong>Kom\u00e1rom-Esztergom v\u00e1rmegye,<\/strong><\/td><\/tr><tr><td><strong>Veszpr\u00e9m v\u00e1rmegye<\/strong><\/td><\/tr><tr><td rowspan=\"3\"><strong>Gy\u0151r-Moson-Sopron V\u00e1rmegyei<br>B\u00e9k\u00e9ltet\u0151 Test\u00fclet<\/strong><\/td><td rowspan=\"3\"><strong>Gy\u0151r<\/strong><br>Gy\u0151r-Moson-Sopron V\u00e1rmegyei B\u00e9k\u00e9ltet\u0151 Test\u00fclet<br>C\u00edme: 9021 Gy\u0151r, Szent Istv\u00e1n \u00fat 10\/a.<br>Telefonsz\u00e1ma: (96) 520-217<br>Eln\u00f6k: Dr. Bagoly Be\u00e1ta<br>Honlap c\u00edm:&nbsp;<a href=\"https:\/\/gymsmkik.hu\/bekelteto\">https:\/\/gymsmkik.hu\/bekelteto<\/a><br>E-mail c\u00edm: bekeltetotestulet@gymskik.hu<\/td><td><strong>Gy\u0151r-Moson-Sopron v\u00e1rmegye,<\/strong><\/td><\/tr><tr><td><strong>Vas v\u00e1rmegye,<\/strong><\/td><\/tr><tr><td><strong>Zala v\u00e1rmegye<\/strong><\/td><\/tr><tr><td rowspan=\"3\"><strong>Hajd\u00fa-Bihar V\u00e1rmegyei<br>B\u00e9k\u00e9ltet\u0151 Test\u00fclet<\/strong><\/td><td rowspan=\"3\"><strong>Debrecen<\/strong><br>Hajd\u00fa-Bihar V\u00e1rmegyei B\u00e9k\u00e9ltet\u0151 Test\u00fclet<br>Sz\u00e9khelye: 4025 Debrecen, Pet\u0151fi t\u00e9r 10.<br>\u00dcgyint\u00e9z\u00e9s helysz\u00edne: 4025 Debrecen V\u00f6r\u00f6smarty u. 13-15.<br>Telefonsz\u00e1ma: (52) 500-710; (52) 500-745<br>Fax sz\u00e1ma: (52) 500-720<br>Eln\u00f6k: Dr. Hajnal Zsolt<br>Honlap c\u00edm:&nbsp;<a href=\"https:\/\/www.hbmbekeltetes.hu\/\">https:\/\/www.hbmbekeltetes.hu<\/a><br>E-mail c\u00edm: bekelteto@hbkik.hu<\/td><td><strong>J\u00e1sz-Nagykun-Szolnok v\u00e1rmegye,<\/strong><\/td><\/tr><tr><td><strong>Hajd\u00fa-Bihar v\u00e1rmegye,<\/strong><\/td><\/tr><tr><td><strong>Szabolcs-Szatm\u00e1r-Bereg v\u00e1rmegye<\/strong><\/td><\/tr><tr><td><strong>Pest V\u00e1rmegyei B\u00e9k\u00e9ltet\u0151 Test\u00fclet<\/strong><\/td><td><strong>Budapest<\/strong><br>Pest V\u00e1rmegyei B\u00e9k\u00e9ltet\u0151 Test\u00fclet<br>Sz\u00e9khelye: 1055 Budapest, Balassi B\u00e1lint u. 25. IV\/2.<br>Telefonsz\u00e1ma: +36 1 792 7881<br>Eln\u00f6k: Dr. Koncz P\u00e1l<br>Honlap c\u00edm:&nbsp;<a href=\"http:\/\/www.pestmegyeibekelteto.hu\/\">www.pestmegyeibekelteto.hu<\/a>&nbsp;<a href=\"http:\/\/www.panaszrendezes.hu\/\">www.panaszrendezes.hu<\/a>&nbsp;E-mail c\u00edm: pmbekelteto@pmkik.hu<\/td><td><strong>Pest v\u00e1rmegye<\/strong><\/td><\/tr><\/tbody><\/table><\/figure>\n\n\n\n<p>Panasz\u00e1t a v\u00e1s\u00e1rl\u00f3 az jantyiktamas@citrommail.hu c\u00edmen jelezheti.<\/p>\n\n\n\n<p>Amennyiben a vita nem rendez\u0151dik, a v\u00e1s\u00e1rl\u00f3 a lak\u00f3helye szerinti <strong>B\u00e9k\u00e9ltet\u0151 Test\u00fclethez<\/strong> fordulhat.<\/p>\n\n\n\n<p>\u00c1SZF hat\u00e1lyba l\u00e9ptet\u00e9s\u00e9nek ideje:  2025.01.01.<\/p>\n","protected":false},"excerpt":{"rendered":"<p>1. \u00dcZEMELTET\u0150I ADATOK 2. MEGV\u00c1S\u00c1ROLHAT\u00d3 TERM\u00c9KEK, \u00c1RAK 3. RENDEL\u00c9S MENETE 4. FIZET\u00c9SI \u00c9S SZ\u00c1LL\u00cdT\u00c1SI M\u00d3DOK 5. EL\u00c1LL\u00c1SI JOG 6. PANASZKEZEL\u00c9S \u00c9S JOGORVOSLAT B\u00e9k\u00e9ltet\u0151 Test\u00fclet neve: B\u00e9k\u00e9ltet\u0151 test\u00fclet neve B\u00e9k\u00e9ltet\u0151 test\u00fclet sz\u00e9khelye, c\u00edme: Illet\u00e9kess\u00e9gi ter\u00fclet Budapesti B\u00e9k\u00e9ltet\u0151 Test\u00fclet BudapestBudapesti B\u00e9k\u00e9ltet\u0151 Test\u00fcletC\u00edme: 1016 Budapest, Krisztina krt. 99.Telefonsz\u00e1ma: (1) 488-2131Fax sz\u00e1ma: (1) 488-2186Eln\u00f6k: Dr. Inzelt \u00c9va VeronikaHonlap c\u00edm:&nbsp;https:\/\/bekeltet.bkik.hu\/E-mail [&hellip;]<\/p>\n","protected":false},"author":1,"featured_media":0,"parent":0,"menu_order":0,"comment_status":"closed","ping_status":"closed","template":"","meta":{"footnotes":""},"class_list":["post-11","page","type-page","status-publish","hentry"],"yoast_head":"<!-- This site is optimized with the Yoast SEO plugin v26.6 - https:\/\/yoast.com\/wordpress\/plugins\/seo\/ -->\n<title>\u00c1ltal\u00e1nos Szerz\u0151d\u00e9si Felt\u00e9telek - Niaswebshop<\/title>\n<meta name=\"robots\" content=\"index, follow, max-snippet:-1, max-image-preview:large, max-video-preview:-1\" \/>\n<link rel=\"canonical\" href=\"https:\/\/nias.aranyoldalak.hu\/index.php\/elallas_visszakuldes\/\" \/>\n<meta property=\"og:locale\" content=\"hu_HU\" \/>\n<meta property=\"og:type\" content=\"article\" \/>\n<meta property=\"og:title\" content=\"\u00c1ltal\u00e1nos Szerz\u0151d\u00e9si Felt\u00e9telek - Niaswebshop\" \/>\n<meta property=\"og:description\" content=\"1. \u00dcZEMELTET\u0150I ADATOK 2. MEGV\u00c1S\u00c1ROLHAT\u00d3 TERM\u00c9KEK, \u00c1RAK 3. RENDEL\u00c9S MENETE 4. FIZET\u00c9SI \u00c9S SZ\u00c1LL\u00cdT\u00c1SI M\u00d3DOK 5. EL\u00c1LL\u00c1SI JOG 6. PANASZKEZEL\u00c9S \u00c9S JOGORVOSLAT B\u00e9k\u00e9ltet\u0151 Test\u00fclet neve: B\u00e9k\u00e9ltet\u0151 test\u00fclet neve B\u00e9k\u00e9ltet\u0151 test\u00fclet sz\u00e9khelye, c\u00edme: Illet\u00e9kess\u00e9gi ter\u00fclet Budapesti B\u00e9k\u00e9ltet\u0151 Test\u00fclet BudapestBudapesti B\u00e9k\u00e9ltet\u0151 Test\u00fcletC\u00edme: 1016 Budapest, Krisztina krt. 99.Telefonsz\u00e1ma: (1) 488-2131Fax sz\u00e1ma: (1) 488-2186Eln\u00f6k: Dr. Inzelt \u00c9va VeronikaHonlap c\u00edm:&nbsp;https:\/\/bekeltet.bkik.hu\/E-mail [&hellip;]\" \/>\n<meta property=\"og:url\" content=\"https:\/\/nias.aranyoldalak.hu\/index.php\/elallas_visszakuldes\/\" \/>\n<meta property=\"og:site_name\" content=\"Niaswebshop\" \/>\n<meta property=\"article:modified_time\" content=\"2026-01-06T09:25:56+00:00\" \/>\n<meta name=\"twitter:card\" content=\"summary_large_image\" \/>\n<meta name=\"twitter:label1\" content=\"Becs\u00fclt olvas\u00e1si id\u0151\" \/>\n\t<meta name=\"twitter:data1\" content=\"4 perc\" \/>\n<script type=\"application\/ld+json\" class=\"yoast-schema-graph\">{\"@context\":\"https:\/\/schema.org\",\"@graph\":[{\"@type\":\"WebPage\",\"@id\":\"https:\/\/nias.aranyoldalak.hu\/index.php\/elallas_visszakuldes\/\",\"url\":\"https:\/\/nias.aranyoldalak.hu\/index.php\/elallas_visszakuldes\/\",\"name\":\"\u00c1ltal\u00e1nos Szerz\u0151d\u00e9si Felt\u00e9telek - Niaswebshop\",\"isPartOf\":{\"@id\":\"https:\/\/nias.aranyoldalak.hu\/#website\"},\"datePublished\":\"2026-01-06T09:24:59+00:00\",\"dateModified\":\"2026-01-06T09:25:56+00:00\",\"breadcrumb\":{\"@id\":\"https:\/\/nias.aranyoldalak.hu\/index.php\/elallas_visszakuldes\/#breadcrumb\"},\"inLanguage\":\"hu\",\"potentialAction\":[{\"@type\":\"ReadAction\",\"target\":[\"https:\/\/nias.aranyoldalak.hu\/index.php\/elallas_visszakuldes\/\"]}]},{\"@type\":\"BreadcrumbList\",\"@id\":\"https:\/\/nias.aranyoldalak.hu\/index.php\/elallas_visszakuldes\/#breadcrumb\",\"itemListElement\":[{\"@type\":\"ListItem\",\"position\":1,\"name\":\"Kezd\u0151lap\",\"item\":\"https:\/\/nias.aranyoldalak.hu\/\"},{\"@type\":\"ListItem\",\"position\":2,\"name\":\"\u00c1ltal\u00e1nos Szerz\u0151d\u00e9si Felt\u00e9telek\"}]},{\"@type\":\"WebSite\",\"@id\":\"https:\/\/nias.aranyoldalak.hu\/#website\",\"url\":\"https:\/\/nias.aranyoldalak.hu\/\",\"name\":\"Niaswebshop\",\"description\":\"Ropog\u00f3s, k\u00f6nnyed \u00e9s tele van energi\u00e1val! A puffasztott gabonaszeletek ide\u00e1lis nassolnival\u00f3k b\u00e1rhol, b\u00e1rmikor.\",\"publisher\":{\"@id\":\"https:\/\/nias.aranyoldalak.hu\/#organization\"},\"potentialAction\":[{\"@type\":\"SearchAction\",\"target\":{\"@type\":\"EntryPoint\",\"urlTemplate\":\"https:\/\/nias.aranyoldalak.hu\/?s={search_term_string}\"},\"query-input\":{\"@type\":\"PropertyValueSpecification\",\"valueRequired\":true,\"valueName\":\"search_term_string\"}}],\"inLanguage\":\"hu\"},{\"@type\":\"Organization\",\"@id\":\"https:\/\/nias.aranyoldalak.hu\/#organization\",\"name\":\"Niaswebshop\",\"url\":\"https:\/\/nias.aranyoldalak.hu\/\",\"logo\":{\"@type\":\"ImageObject\",\"inLanguage\":\"hu\",\"@id\":\"https:\/\/nias.aranyoldalak.hu\/#\/schema\/logo\/image\/\",\"url\":\"https:\/\/nias.aranyoldalak.hu\/wp-content\/uploads\/2025\/12\/nias-logo.png\",\"contentUrl\":\"https:\/\/nias.aranyoldalak.hu\/wp-content\/uploads\/2025\/12\/nias-logo.png\",\"width\":200,\"height\":100,\"caption\":\"Niaswebshop\"},\"image\":{\"@id\":\"https:\/\/nias.aranyoldalak.hu\/#\/schema\/logo\/image\/\"}}]}<\/script>\n<!-- \/ Yoast SEO plugin. -->","yoast_head_json":{"title":"\u00c1ltal\u00e1nos Szerz\u0151d\u00e9si Felt\u00e9telek - Niaswebshop","robots":{"index":"index","follow":"follow","max-snippet":"max-snippet:-1","max-image-preview":"max-image-preview:large","max-video-preview":"max-video-preview:-1"},"canonical":"https:\/\/nias.aranyoldalak.hu\/index.php\/elallas_visszakuldes\/","og_locale":"hu_HU","og_type":"article","og_title":"\u00c1ltal\u00e1nos Szerz\u0151d\u00e9si Felt\u00e9telek - Niaswebshop","og_description":"1. \u00dcZEMELTET\u0150I ADATOK 2. MEGV\u00c1S\u00c1ROLHAT\u00d3 TERM\u00c9KEK, \u00c1RAK 3. RENDEL\u00c9S MENETE 4. FIZET\u00c9SI \u00c9S SZ\u00c1LL\u00cdT\u00c1SI M\u00d3DOK 5. EL\u00c1LL\u00c1SI JOG 6. PANASZKEZEL\u00c9S \u00c9S JOGORVOSLAT B\u00e9k\u00e9ltet\u0151 Test\u00fclet neve: B\u00e9k\u00e9ltet\u0151 test\u00fclet neve B\u00e9k\u00e9ltet\u0151 test\u00fclet sz\u00e9khelye, c\u00edme: Illet\u00e9kess\u00e9gi ter\u00fclet Budapesti B\u00e9k\u00e9ltet\u0151 Test\u00fclet BudapestBudapesti B\u00e9k\u00e9ltet\u0151 Test\u00fcletC\u00edme: 1016 Budapest, Krisztina krt. 99.Telefonsz\u00e1ma: (1) 488-2131Fax sz\u00e1ma: (1) 488-2186Eln\u00f6k: Dr. Inzelt \u00c9va VeronikaHonlap c\u00edm:&nbsp;https:\/\/bekeltet.bkik.hu\/E-mail [&hellip;]","og_url":"https:\/\/nias.aranyoldalak.hu\/index.php\/elallas_visszakuldes\/","og_site_name":"Niaswebshop","article_modified_time":"2026-01-06T09:25:56+00:00","twitter_card":"summary_large_image","twitter_misc":{"Becs\u00fclt olvas\u00e1si id\u0151":"4 perc"},"schema":{"@context":"https:\/\/schema.org","@graph":[{"@type":"WebPage","@id":"https:\/\/nias.aranyoldalak.hu\/index.php\/elallas_visszakuldes\/","url":"https:\/\/nias.aranyoldalak.hu\/index.php\/elallas_visszakuldes\/","name":"\u00c1ltal\u00e1nos Szerz\u0151d\u00e9si Felt\u00e9telek - Niaswebshop","isPartOf":{"@id":"https:\/\/nias.aranyoldalak.hu\/#website"},"datePublished":"2026-01-06T09:24:59+00:00","dateModified":"2026-01-06T09:25:56+00:00","breadcrumb":{"@id":"https:\/\/nias.aranyoldalak.hu\/index.php\/elallas_visszakuldes\/#breadcrumb"},"inLanguage":"hu","potentialAction":[{"@type":"ReadAction","target":["https:\/\/nias.aranyoldalak.hu\/index.php\/elallas_visszakuldes\/"]}]},{"@type":"BreadcrumbList","@id":"https:\/\/nias.aranyoldalak.hu\/index.php\/elallas_visszakuldes\/#breadcrumb","itemListElement":[{"@type":"ListItem","position":1,"name":"Kezd\u0151lap","item":"https:\/\/nias.aranyoldalak.hu\/"},{"@type":"ListItem","position":2,"name":"\u00c1ltal\u00e1nos Szerz\u0151d\u00e9si Felt\u00e9telek"}]},{"@type":"WebSite","@id":"https:\/\/nias.aranyoldalak.hu\/#website","url":"https:\/\/nias.aranyoldalak.hu\/","name":"Niaswebshop","description":"Ropog\u00f3s, k\u00f6nnyed \u00e9s tele van energi\u00e1val! A puffasztott gabonaszeletek ide\u00e1lis nassolnival\u00f3k b\u00e1rhol, b\u00e1rmikor.","publisher":{"@id":"https:\/\/nias.aranyoldalak.hu\/#organization"},"potentialAction":[{"@type":"SearchAction","target":{"@type":"EntryPoint","urlTemplate":"https:\/\/nias.aranyoldalak.hu\/?s={search_term_string}"},"query-input":{"@type":"PropertyValueSpecification","valueRequired":true,"valueName":"search_term_string"}}],"inLanguage":"hu"},{"@type":"Organization","@id":"https:\/\/nias.aranyoldalak.hu\/#organization","name":"Niaswebshop","url":"https:\/\/nias.aranyoldalak.hu\/","logo":{"@type":"ImageObject","inLanguage":"hu","@id":"https:\/\/nias.aranyoldalak.hu\/#\/schema\/logo\/image\/","url":"https:\/\/nias.aranyoldalak.hu\/wp-content\/uploads\/2025\/12\/nias-logo.png","contentUrl":"https:\/\/nias.aranyoldalak.hu\/wp-content\/uploads\/2025\/12\/nias-logo.png","width":200,"height":100,"caption":"Niaswebshop"},"image":{"@id":"https:\/\/nias.aranyoldalak.hu\/#\/schema\/logo\/image\/"}}]}},"_links":{"self":[{"href":"https:\/\/nias.aranyoldalak.hu\/index.php\/wp-json\/wp\/v2\/pages\/11","targetHints":{"allow":["GET"]}}],"collection":[{"href":"https:\/\/nias.aranyoldalak.hu\/index.php\/wp-json\/wp\/v2\/pages"}],"about":[{"href":"https:\/\/nias.aranyoldalak.hu\/index.php\/wp-json\/wp\/v2\/types\/page"}],"author":[{"embeddable":true,"href":"https:\/\/nias.aranyoldalak.hu\/index.php\/wp-json\/wp\/v2\/users\/1"}],"replies":[{"embeddable":true,"href":"https:\/\/nias.aranyoldalak.hu\/index.php\/wp-json\/wp\/v2\/comments?post=11"}],"version-history":[{"count":3,"href":"https:\/\/nias.aranyoldalak.hu\/index.php\/wp-json\/wp\/v2\/pages\/11\/revisions"}],"predecessor-version":[{"id":106,"href":"https:\/\/nias.aranyoldalak.hu\/index.php\/wp-json\/wp\/v2\/pages\/11\/revisions\/106"}],"wp:attachment":[{"href":"https:\/\/nias.aranyoldalak.hu\/index.php\/wp-json\/wp\/v2\/media?parent=11"}],"curies":[{"name":"wp","href":"https:\/\/api.w.org\/{rel}","templated":true}]}}